{"id":67,"date":"2013-02-09T19:53:56","date_gmt":"2013-02-09T18:53:56","guid":{"rendered":"http:\/\/www.thomasvino.ch\/wp\/?page_id=19"},"modified":"2013-04-16T19:26:58","modified_gmt":"2013-04-16T18:26:58","slug":"faq","status":"publish","type":"page","link":"https:\/\/thomasvino.ch\/?page_id=67","title":{"rendered":"FAQ"},"content":{"rendered":"<div class='et-learn-more clearfix'>\n\t\t\t\t\t<h3 class='heading-more'>Comment consulter ce site<span class='et_learnmore_arrow'><span><\/span><\/span><\/h3>\n\t\t\t\t\t<div class='learn-more-content'><p>Mis en ligne au printemps 2013, ce site reprend tous les textes de l&rsquo;ancienne version de www.thomasvino.ch, datant de janvier 2005.<\/p>\n<p>Tournant sur WordPress, il est r\u00e9guli\u00e8rement actualis\u00e9 et mis \u00e0 jour. L&#8217;emplacement \u00abrechercher\u00bb, en haut \u00e0 droite, \u00e0 c\u00f4t\u00e9 de contact, permet de trouver rapidement un article sur le site, en fonction d&rsquo;un mot-cl\u00e9.<\/p>\n<p>Au d\u00e9part, le site a principalement contenu la version Internet d&rsquo;articles parus dans de nombreux m\u00e9dias suisses. Plusieurs contributions sont d\u00e9sormais propres au site et disponibles que sur www.thomasvino.ch.<\/p>\n<p>Pour vous tenir au courant des nouveaut\u00e9s, laissez vos coordonn\u00e9es et abonnez-vous ci-dessous \u00e0 la newsletter (en principe, une par mois et au coup par coup en cas de nouvelle importante).<\/p>\n<p>Vous pouvez aussi vous connecter sur les r\u00e9seaux sociaux: acc\u00e9der \u00e0 Facebook (dans la barre du haut) ou recommander un article via Facebook et les autres r\u00e9seaux sociaux, au bas de chaque article.<\/p>\n<p>Il vous est aussi possible de laisser une obole (en bas, \u00e0 droite): tout le travail de mise en ligne sur ce site n&rsquo;est pas r\u00e9tribu\u00e9&#8230; Merci donc de contribuer \u00e0 son actualisation, dans le fond et la forme.<\/p><\/div>\n\t\t\t\t<\/div>\n<div class='et-learn-more clearfix'>\n\t\t\t\t\t<h3 class='heading-more'>Comment contacter Pierre Thomas<span class='et_learnmore_arrow'><span><\/span><\/span><\/h3>\n\t\t\t\t\t<div class='learn-more-content'><p>Voici l&rsquo;adresse postale de Pierre Thomas:<\/p>\n<p>Pierre Thomas<\/p>\n<p>25, bd de Grancy<\/p>\n<p>1006 Lausanne (Suisse)<\/p>\n<p>T\u00e9l: +41 (0)21 ou +41 (0)78 616 41 51<\/div>\n\t\t\t\t<\/div>\n<div class='et-learn-more clearfix'>\n\t\t\t\t\t<h3 class='heading-more'>Quelle ind\u00e9pendance pour ce site ?<span class='et_learnmore_arrow'><span><\/span><\/span><\/h3>\n\t\t\t\t\t<div class='learn-more-content'><p>Ce site ne poss\u00e8de ni parrain (sponsor), ni banni\u00e8re publicitaire, ni renvoi direct sur des sites commerciaux. Cette absence de liens est \u00e9videmment voulue et pleinement assum\u00e9e.<\/p>\n<p>Tous les articles qui paraissent en ligne ont \u00e9t\u00e9 command\u00e9s par des m\u00e9dias suisses et \u00e9trangers qui respectent l&rsquo;\u00e9thique journalistique.<\/p>\n<p>Pierre Thomas passe m\u00eame pour un impertinent aux yeux de certains producteurs. Mais rien de tel que l&rsquo;impertinence pour garantir la pertinence. Vous avez dit \u00e9thique ? Et toc !<\/p><\/div>\n\t\t\t\t<\/div>\n","protected":false},"excerpt":{"rendered":"","protected":false},"author":2,"featured_media":0,"parent":18,"menu_order":0,"comment_status":"closed","ping_status":"closed","template":"","meta":{"_monsterinsights_skip_tracking":false,"_monsterinsights_sitenote_active":false,"_monsterinsights_sitenote_note":"","_monsterinsights_sitenote_category":0,"jetpack_post_was_ever_published":false},"yoast_head":"<!-- This site is optimized with the Yoast SEO plugin v20.6 - https:\/\/yoast.com\/wordpress\/plugins\/seo\/ -->\n<title>FAQ - thomasvino<\/title>\n<meta name=\"robots\" content=\"index, follow, max-snippet:-1, max-image-preview:large, max-video-preview:-1\" \/>\n<link rel=\"canonical\" href=\"https:\/\/thomasvino.ch\/?page_id=67\" \/>\n<meta property=\"og:locale\" content=\"fr_FR\" \/>\n<meta property=\"og:type\" content=\"article\" \/>\n<meta property=\"og:title\" content=\"FAQ - thomasvino\" \/>\n<meta property=\"og:url\" content=\"https:\/\/thomasvino.ch\/?page_id=67\" \/>\n<meta property=\"og:site_name\" content=\"thomasvino\" \/>\n<meta property=\"article:modified_time\" content=\"2013-04-16T18:26:58+00:00\" \/>\n<meta name=\"twitter:label1\" content=\"Dur\u00e9e de lecture estim\u00e9e\" \/>\n\t<meta name=\"twitter:data1\" content=\"2 minutes\" \/>\n<script type=\"application\/ld+json\" class=\"yoast-schema-graph\">{\"@context\":\"https:\/\/schema.org\",\"@graph\":[{\"@type\":\"WebPage\",\"@id\":\"https:\/\/thomasvino.ch\/?page_id=67\",\"url\":\"https:\/\/thomasvino.ch\/?page_id=67\",\"name\":\"FAQ - thomasvino\",\"isPartOf\":{\"@id\":\"https:\/\/thomasvino.ch\/#website\"},\"datePublished\":\"2013-02-09T18:53:56+00:00\",\"dateModified\":\"2013-04-16T18:26:58+00:00\",\"breadcrumb\":{\"@id\":\"https:\/\/thomasvino.ch\/?page_id=67#breadcrumb\"},\"inLanguage\":\"fr-FR\",\"potentialAction\":[{\"@type\":\"ReadAction\",\"target\":[\"https:\/\/thomasvino.ch\/?page_id=67\"]}]},{\"@type\":\"BreadcrumbList\",\"@id\":\"https:\/\/thomasvino.ch\/?page_id=67#breadcrumb\",\"itemListElement\":[{\"@type\":\"ListItem\",\"position\":1,\"name\":\"Accueil\",\"item\":\"https:\/\/thomasvino.ch\/\"},{\"@type\":\"ListItem\",\"position\":2,\"name\":\"Accueil\",\"item\":\"https:\/\/thomasvino.ch\/\"},{\"@type\":\"ListItem\",\"position\":3,\"name\":\"FAQ\"}]},{\"@type\":\"WebSite\",\"@id\":\"https:\/\/thomasvino.ch\/#website\",\"url\":\"https:\/\/thomasvino.ch\/\",\"name\":\"thomasvino\",\"description\":\"Vins &amp; Gastronomie\",\"potentialAction\":[{\"@type\":\"SearchAction\",\"target\":{\"@type\":\"EntryPoint\",\"urlTemplate\":\"https:\/\/thomasvino.ch\/?s={search_term_string}\"},\"query-input\":\"required name=search_term_string\"}],\"inLanguage\":\"fr-FR\"}]}<\/script>\n<!-- \/ Yoast SEO plugin. -->","yoast_head_json":{"title":"FAQ - thomasvino","robots":{"index":"index","follow":"follow","max-snippet":"max-snippet:-1","max-image-preview":"max-image-preview:large","max-video-preview":"max-video-preview:-1"},"canonical":"https:\/\/thomasvino.ch\/?page_id=67","og_locale":"fr_FR","og_type":"article","og_title":"FAQ - thomasvino","og_url":"https:\/\/thomasvino.ch\/?page_id=67","og_site_name":"thomasvino","article_modified_time":"2013-04-16T18:26:58+00:00","twitter_misc":{"Dur\u00e9e de lecture estim\u00e9e":"2 minutes"},"schema":{"@context":"https:\/\/schema.org","@graph":[{"@type":"WebPage","@id":"https:\/\/thomasvino.ch\/?page_id=67","url":"https:\/\/thomasvino.ch\/?page_id=67","name":"FAQ - thomasvino","isPartOf":{"@id":"https:\/\/thomasvino.ch\/#website"},"datePublished":"2013-02-09T18:53:56+00:00","dateModified":"2013-04-16T18:26:58+00:00","breadcrumb":{"@id":"https:\/\/thomasvino.ch\/?page_id=67#breadcrumb"},"inLanguage":"fr-FR","potentialAction":[{"@type":"ReadAction","target":["https:\/\/thomasvino.ch\/?page_id=67"]}]},{"@type":"BreadcrumbList","@id":"https:\/\/thomasvino.ch\/?page_id=67#breadcrumb","itemListElement":[{"@type":"ListItem","position":1,"name":"Accueil","item":"https:\/\/thomasvino.ch\/"},{"@type":"ListItem","position":2,"name":"Accueil","item":"https:\/\/thomasvino.ch\/"},{"@type":"ListItem","position":3,"name":"FAQ"}]},{"@type":"WebSite","@id":"https:\/\/thomasvino.ch\/#website","url":"https:\/\/thomasvino.ch\/","name":"thomasvino","description":"Vins &amp; Gastronomie","potentialAction":[{"@type":"SearchAction","target":{"@type":"EntryPoint","urlTemplate":"https:\/\/thomasvino.ch\/?s={search_term_string}"},"query-input":"required name=search_term_string"}],"inLanguage":"fr-FR"}]}},"jetpack_sharing_enabled":true,"jetpack_shortlink":"https:\/\/wp.me\/P3m4tZ-15","jetpack_likes_enabled":false,"jetpack-related-posts":[{"id":10660,"url":"https:\/\/thomasvino.ch\/?page_id=10660","url_meta":{"origin":67,"position":0},"title":"Erreur","date":"5 mai 2013","format":false,"excerpt":"Oups ! Une erreur est survenue et nous n'avons pas r\u00e9ussi \u00e0 trouver la page que vous vouliez. Faites une nouvelle recherche sur le site gr\u00e2ce au formulaire ci-dessous !","rel":"","context":"Article similaire","img":{"alt_text":"","src":"","width":0,"height":0},"classes":[]},{"id":70,"url":"https:\/\/thomasvino.ch\/?page_id=70","url_meta":{"origin":67,"position":1},"title":"Liens","date":"9 f\u00e9vrier 2013","format":false,"excerpt":"\u00a0","rel":"","context":"Article similaire","img":{"alt_text":"","src":"","width":0,"height":0},"classes":[]},{"id":21,"url":"https:\/\/thomasvino.ch\/?page_id=21","url_meta":{"origin":67,"position":2},"title":"Qui est Pierre Thomas? Faits et dates","date":"9 f\u00e9vrier 2013","format":false,"excerpt":"Journaliste, \u00e9crivain du vin et d\u00e9gustateur \u00a0 Pierre Thomas A 70 ans, j'ai renonc\u00e9 \u00e0 la plupart de mes mandats, gardant la ma\u00eetrise de ce site Internet, qu'il continue d'enrichir librement, en fonction de ses envies et d\u00e9couvertes. Et \u00e0 animer, en fonction de th\u00e8mes repris et d\u00e9velopp\u00e9s. Je passe\u2026","rel":"","context":"Article similaire","img":{"alt_text":"","src":"https:\/\/i0.wp.com\/www.thomasvino.ch\/img\/jean-nic_meo121109.jpg?resize=350%2C200","width":350,"height":200},"classes":[]},{"id":10139,"url":"https:\/\/thomasvino.ch\/?page_id=10139","url_meta":{"origin":67,"position":3},"title":"Recherche","date":"15 mars 2013","format":false,"excerpt":"Vous pouvez faire une recherche sur le site en entrant des mots-cl\u00e9 dans le champ ci-dessous, et en sp\u00e9cifiant si n\u00e9cessaire les cat\u00e9gories \u00a0ou la date.","rel":"","context":"Article similaire","img":{"alt_text":"","src":"","width":0,"height":0},"classes":[]},{"id":10396,"url":"https:\/\/thomasvino.ch\/?page_id=10396","url_meta":{"origin":67,"position":4},"title":"Merci pour votre don !","date":"3 avril 2013","format":false,"excerpt":"Cher donateur, Je vous remercie de vous \u00eatre arr\u00eat\u00e9, et d'avoir fait un geste pour m'aider \u00e0 payer les frais de gestion de ce site web. Pierre Thomas","rel":"","context":"Article similaire","img":{"alt_text":"","src":"","width":0,"height":0},"classes":[]},{"id":71,"url":"https:\/\/thomasvino.ch\/?page_id=71","url_meta":{"origin":67,"position":5},"title":"Contact","date":"9 f\u00e9vrier 2013","format":false,"excerpt":"Vous pouvez me contacter au moyen du formulaire ci-dessous : \u00a0","rel":"","context":"Article similaire","img":{"alt_text":"","src":"","width":0,"height":0},"classes":[]}],"_links":{"self":[{"href":"https:\/\/thomasvino.ch\/index.php?rest_route=\/wp\/v2\/pages\/67"}],"collection":[{"href":"https:\/\/thomasvino.ch\/index.php?rest_route=\/wp\/v2\/pages"}],"about":[{"href":"https:\/\/thomasvino.ch\/index.php?rest_route=\/wp\/v2\/types\/page"}],"author":[{"embeddable":true,"href":"https:\/\/thomasvino.ch\/index.php?rest_route=\/wp\/v2\/users\/2"}],"replies":[{"embeddable":true,"href":"https:\/\/thomasvino.ch\/index.php?rest_route=%2Fwp%2Fv2%2Fcomments&post=67"}],"version-history":[{"count":0,"href":"https:\/\/thomasvino.ch\/index.php?rest_route=\/wp\/v2\/pages\/67\/revisions"}],"up":[{"embeddable":true,"href":"https:\/\/thomasvino.ch\/index.php?rest_route=\/wp\/v2\/pages\/18"}],"wp:attachment":[{"href":"https:\/\/thomasvino.ch\/index.php?rest_route=%2Fwp%2Fv2%2Fmedia&parent=67"}],"curies":[{"name":"wp","href":"https:\/\/api.w.org\/{rel}","templated":true}]}}