{"id":70,"date":"2013-02-09T19:58:09","date_gmt":"2013-02-09T18:58:09","guid":{"rendered":"http:\/\/www.thomasvino.ch\/wp\/?page_id=25"},"modified":"2013-06-06T14:23:14","modified_gmt":"2013-06-06T13:23:14","slug":"liens","status":"publish","type":"page","link":"https:\/\/thomasvino.ch\/?page_id=70","title":{"rendered":"Liens"},"content":{"rendered":"<p>&nbsp;<\/p>\n\n\t\t\t<div class='tabs-left et_sliderfx_fade et_sliderauto_false et_sliderauto_speed_5000 et_slidertype_left_tabs clearfix'>\n\t\t\t\t<div class='et_left_tabs_bg'><\/div>\n\t\t\t\t<ul class='et-tabs-control'>\n\t\t\t<li><a href='#'>\n\t\t\tJournaux o\u00f9 signe Pierre Thomas\n\t\t<\/a><\/li>\n\n\t\t<li><a href='#'>\n\t\t\tSites recommand\u00e9s\n\t\t<\/a><\/li>\n\t\t<\/ul> <!-- .et-tabs-control -->\n\n\t\t<div class='et-tabs-content'>\n\t\t\t<div class='et-tabs-content-main-wrap'>\n\t\t\t\t<div class='et-tabs-content-wrapper'>\n\t\t\t\t\t<div class='et_slidecontent'>\n\t\t\t<div class='et-learn-more clearfix'>\n\t\t\t\t\t<h3 class='heading-more'>Tout Compte Fait<span class='et_learnmore_arrow'><span><\/span><\/span><\/h3>\n\t\t\t\t\t<div class='learn-more-content'>Mensuel pour les consommateurs. Depuis 2002, un banc-test par \u00e9dition sur 12 vins, par un jury de cinq pros. Acc\u00e8s des archives pour les abonn\u00e9s seulement sur <a title=\"Tout Compte Fait\" href=\"http:\/\/www.toutcomptefait.ch\/degustations.php\">http:\/\/toutcomptefait.ch<\/a>.<\/div>\n\t\t\t\t<\/div>\n<div class='et-learn-more clearfix'>\n\t\t\t\t\t<h3 class='heading-more'>H\u00f4tellerie &amp; Gastronomie Hebdo<span class='et_learnmore_arrow'><span><\/span><\/span><\/h3>\n\t\t\t\t\t<div class='learn-more-content'>Hebdomadaire \u00e9dit\u00e9 par Gastro Union. Depuis 2011, articles et reportages sur les vins en Suisse et dans le monde. Possibilit\u00e9 de feuilleter la derni\u00e8re \u00e9dition sur <a title=\"H\u00f4tellerie &amp; Gastronomie Hebdo\" href=\"http:\/\/www.hotellerie-et-gastronomie.ch\/expresso\/f\/\">http:\/\/www.hotellerie-et-gastronomie.ch\/expresso\/f\/<\/a>.<\/div>\n\t\t\t\t<\/div><div class='et-learn-more clearfix'>\n\t\t\t\t\t<h3 class='heading-more'>Le Guillon<span class='et_learnmore_arrow'><span><\/span><\/span><\/h3>\n\t\t\t\t\t<div class='learn-more-content'>Magazine de l&rsquo;\u00e9conomie viti-vinicole vaudoise et de la Confr\u00e9rie homonyme, o\u00f9 Pierre Thomas est un des plus fid\u00e8les collaborateurs de longue date, <a title=\"Le Guillon\" href=\"http:\/\/www.revueleguillon.ch\">http:\/\/www.revueleguillon.ch<\/a>.<\/div>\n\t\t\t\t<\/div><div class='et-learn-more clearfix'>\n\t\t\t\t\t<h3 class='heading-more'>Vins &amp; Vignobles<span class='et_learnmore_arrow'><span><\/span><\/span><\/h3>\n\t\t\t\t\t<div class='learn-more-content'>Mensuel qu\u00e9b\u00e9cois, \u00e9dit\u00e9 \u00e0 Montr\u00e9al, pour les amateurs de vins. Collaborateur r\u00e9gulier pour plusieurs reportages en Europe et dans le monde, accessible pour les abonn\u00e9s sur <a title=\"Vins &amp; Vignobles\" href=\"http:\/\/www.vinsetvignobles.com\/accueil\/\">http:\/\/www.vinsetvignobles.com\/accueil\/<\/a>.<\/div>\n\t\t\t\t<\/div>\n\t\t<\/div>\n\t\t<div class='et_slidecontent'>\n\t\t\t<ul>\n<li>Midi 20, bar \u00e0 vins au centre de Lausanne, <a title=\"Midi 20, bar \u00e0 vins, Lausanne\" href=\"http:\/\/www.midi20.ch\/\">www.midi20.ch<\/a><\/li>\n<li>Terravin, marque de qualit\u00e9 des vins vaudois, <a title=\"Label Terravin\" href=\"http:\/\/www.terravin.ch\/home\">www.terravin.ch<\/a><\/li>\n<li>VinVitation, organisateur l\u00e9manique de d\u00e9gustations, <a title=\"VinVitation\" href=\"http:\/\/www.vinvitation.ch\/#\/concept\">www.vinvitation.ch<\/a><\/li>\n<li>F\u00e9d\u00e9ration vaudoise des vignerons, site institutionnel, <a title=\"F\u00e9d\u00e9ration Vaudoise des Vignerons\" href=\"http:\/\/www.fvv-vd.ch\/\">www.fvv-vd.ch<\/a><\/li>\n<\/ul>\n\t\t<\/div>\n\t\t\t\t<\/div>\n\t\t\t<\/div>\n\t\t<\/div>\n\t\t\t<\/div> <!-- .tabs-left -->\n","protected":false},"excerpt":{"rendered":"<p>&nbsp;<\/p>\n","protected":false},"author":2,"featured_media":0,"parent":0,"menu_order":0,"comment_status":"closed","ping_status":"closed","template":"","meta":{"_monsterinsights_skip_tracking":false,"_monsterinsights_sitenote_active":false,"_monsterinsights_sitenote_note":"","_monsterinsights_sitenote_category":0,"jetpack_post_was_ever_published":false},"yoast_head":"<!-- This site is optimized with the Yoast SEO plugin v20.6 - https:\/\/yoast.com\/wordpress\/plugins\/seo\/ -->\n<title>Liens - thomasvino<\/title>\n<meta name=\"robots\" content=\"index, follow, max-snippet:-1, max-image-preview:large, max-video-preview:-1\" \/>\n<link rel=\"canonical\" href=\"https:\/\/thomasvino.ch\/?page_id=70\" \/>\n<meta property=\"og:locale\" content=\"fr_FR\" \/>\n<meta property=\"og:type\" content=\"article\" \/>\n<meta property=\"og:title\" content=\"Liens - thomasvino\" \/>\n<meta property=\"og:description\" content=\"&nbsp;\" \/>\n<meta property=\"og:url\" content=\"https:\/\/thomasvino.ch\/?page_id=70\" \/>\n<meta property=\"og:site_name\" content=\"thomasvino\" \/>\n<meta property=\"article:modified_time\" content=\"2013-06-06T13:23:14+00:00\" \/>\n<meta name=\"twitter:label1\" content=\"Dur\u00e9e de lecture estim\u00e9e\" \/>\n\t<meta name=\"twitter:data1\" content=\"1 minute\" \/>\n<script type=\"application\/ld+json\" class=\"yoast-schema-graph\">{\"@context\":\"https:\/\/schema.org\",\"@graph\":[{\"@type\":\"WebPage\",\"@id\":\"https:\/\/thomasvino.ch\/?page_id=70\",\"url\":\"https:\/\/thomasvino.ch\/?page_id=70\",\"name\":\"Liens - thomasvino\",\"isPartOf\":{\"@id\":\"https:\/\/thomasvino.ch\/#website\"},\"datePublished\":\"2013-02-09T18:58:09+00:00\",\"dateModified\":\"2013-06-06T13:23:14+00:00\",\"breadcrumb\":{\"@id\":\"https:\/\/thomasvino.ch\/?page_id=70#breadcrumb\"},\"inLanguage\":\"fr-FR\",\"potentialAction\":[{\"@type\":\"ReadAction\",\"target\":[\"https:\/\/thomasvino.ch\/?page_id=70\"]}]},{\"@type\":\"BreadcrumbList\",\"@id\":\"https:\/\/thomasvino.ch\/?page_id=70#breadcrumb\",\"itemListElement\":[{\"@type\":\"ListItem\",\"position\":1,\"name\":\"Accueil\",\"item\":\"https:\/\/thomasvino.ch\/\"},{\"@type\":\"ListItem\",\"position\":2,\"name\":\"Liens\"}]},{\"@type\":\"WebSite\",\"@id\":\"https:\/\/thomasvino.ch\/#website\",\"url\":\"https:\/\/thomasvino.ch\/\",\"name\":\"thomasvino\",\"description\":\"Vins &amp; Gastronomie\",\"potentialAction\":[{\"@type\":\"SearchAction\",\"target\":{\"@type\":\"EntryPoint\",\"urlTemplate\":\"https:\/\/thomasvino.ch\/?s={search_term_string}\"},\"query-input\":\"required name=search_term_string\"}],\"inLanguage\":\"fr-FR\"}]}<\/script>\n<!-- \/ Yoast SEO plugin. -->","yoast_head_json":{"title":"Liens - thomasvino","robots":{"index":"index","follow":"follow","max-snippet":"max-snippet:-1","max-image-preview":"max-image-preview:large","max-video-preview":"max-video-preview:-1"},"canonical":"https:\/\/thomasvino.ch\/?page_id=70","og_locale":"fr_FR","og_type":"article","og_title":"Liens - thomasvino","og_description":"&nbsp;","og_url":"https:\/\/thomasvino.ch\/?page_id=70","og_site_name":"thomasvino","article_modified_time":"2013-06-06T13:23:14+00:00","twitter_misc":{"Dur\u00e9e de lecture estim\u00e9e":"1 minute"},"schema":{"@context":"https:\/\/schema.org","@graph":[{"@type":"WebPage","@id":"https:\/\/thomasvino.ch\/?page_id=70","url":"https:\/\/thomasvino.ch\/?page_id=70","name":"Liens - thomasvino","isPartOf":{"@id":"https:\/\/thomasvino.ch\/#website"},"datePublished":"2013-02-09T18:58:09+00:00","dateModified":"2013-06-06T13:23:14+00:00","breadcrumb":{"@id":"https:\/\/thomasvino.ch\/?page_id=70#breadcrumb"},"inLanguage":"fr-FR","potentialAction":[{"@type":"ReadAction","target":["https:\/\/thomasvino.ch\/?page_id=70"]}]},{"@type":"BreadcrumbList","@id":"https:\/\/thomasvino.ch\/?page_id=70#breadcrumb","itemListElement":[{"@type":"ListItem","position":1,"name":"Accueil","item":"https:\/\/thomasvino.ch\/"},{"@type":"ListItem","position":2,"name":"Liens"}]},{"@type":"WebSite","@id":"https:\/\/thomasvino.ch\/#website","url":"https:\/\/thomasvino.ch\/","name":"thomasvino","description":"Vins &amp; Gastronomie","potentialAction":[{"@type":"SearchAction","target":{"@type":"EntryPoint","urlTemplate":"https:\/\/thomasvino.ch\/?s={search_term_string}"},"query-input":"required name=search_term_string"}],"inLanguage":"fr-FR"}]}},"jetpack_sharing_enabled":true,"jetpack_shortlink":"https:\/\/wp.me\/P3m4tZ-18","jetpack_likes_enabled":false,"jetpack-related-posts":[{"id":67,"url":"https:\/\/thomasvino.ch\/?page_id=67","url_meta":{"origin":70,"position":0},"title":"FAQ","date":"9 f\u00e9vrier 2013","format":false,"excerpt":"","rel":"","context":"Article similaire","img":{"alt_text":"","src":"","width":0,"height":0},"classes":[]},{"id":21,"url":"https:\/\/thomasvino.ch\/?page_id=21","url_meta":{"origin":70,"position":1},"title":"Qui est Pierre Thomas? Faits et dates","date":"9 f\u00e9vrier 2013","format":false,"excerpt":"Journaliste, \u00e9crivain du vin et d\u00e9gustateur \u00a0 Pierre Thomas A 70 ans, j'ai renonc\u00e9 \u00e0 la plupart de mes mandats, gardant la ma\u00eetrise de ce site Internet, qu'il continue d'enrichir librement, en fonction de ses envies et d\u00e9couvertes. Et \u00e0 animer, en fonction de th\u00e8mes repris et d\u00e9velopp\u00e9s. Je passe\u2026","rel":"","context":"Article similaire","img":{"alt_text":"","src":"https:\/\/i0.wp.com\/www.thomasvino.ch\/img\/jean-nic_meo121109.jpg?resize=350%2C200","width":350,"height":200},"classes":[]},{"id":68,"url":"https:\/\/thomasvino.ch\/?page_id=68","url_meta":{"origin":70,"position":2},"title":"Les livres sur le vin de Pierre Thomas","date":"9 f\u00e9vrier 2013","format":false,"excerpt":"\u00ab 111 vins suisses \u00e0 ne pas manquer \u00bb emons: (Cologne\/Allemagne), 2\u00e8me \u00e9dition janvier 2022 \u00a0ISBN 978-3-7408-1291-1 Un guide qui s'attache \u00e0 montrer la grande diversit\u00e9 des vins suisses (c\u00e9pages et terroirs), la f\u00e9minisation des encaveuses, et la modernit\u00e9 de la viticulture, notamment bio et biodynamiques. https:\/\/emons-verlag.de\/p\/111-vins-suisses-a-ne-pas-manquer-5863 Le vin pratique\u2026","rel":"","context":"Article similaire","img":{"alt_text":"","src":"","width":0,"height":0},"classes":[]},{"id":18,"url":"https:\/\/thomasvino.ch\/","url_meta":{"origin":70,"position":3},"title":"Accueil","date":"1 avril 2018","format":false,"excerpt":"CETTE PAGE DOIT RESTER VIDE Pour cr\u00e9er un nouvel \u00e9dito, il faut cr\u00e9er un nouvel article, et le placer dans la cat\u00e9gorie \"Edito\". Le dernier \u00e9dito de statut \"publi\u00e9\" en date s'affichera automatiquement sur la page d'accueil. Mots-cl\u00e9 SEO : Pierre Thomas Vins, journaliste sp\u00e9cialis\u00e9, suisse, europe, asie, usa","rel":"","context":"Article similaire","img":{"alt_text":"","src":"","width":0,"height":0},"classes":[]},{"id":10396,"url":"https:\/\/thomasvino.ch\/?page_id=10396","url_meta":{"origin":70,"position":4},"title":"Merci pour votre don !","date":"3 avril 2013","format":false,"excerpt":"Cher donateur, Je vous remercie de vous \u00eatre arr\u00eat\u00e9, et d'avoir fait un geste pour m'aider \u00e0 payer les frais de gestion de ce site web. Pierre Thomas","rel":"","context":"Article similaire","img":{"alt_text":"","src":"","width":0,"height":0},"classes":[]},{"id":10139,"url":"https:\/\/thomasvino.ch\/?page_id=10139","url_meta":{"origin":70,"position":5},"title":"Recherche","date":"15 mars 2013","format":false,"excerpt":"Vous pouvez faire une recherche sur le site en entrant des mots-cl\u00e9 dans le champ ci-dessous, et en sp\u00e9cifiant si n\u00e9cessaire les cat\u00e9gories \u00a0ou la date.","rel":"","context":"Article similaire","img":{"alt_text":"","src":"","width":0,"height":0},"classes":[]}],"_links":{"self":[{"href":"https:\/\/thomasvino.ch\/index.php?rest_route=\/wp\/v2\/pages\/70"}],"collection":[{"href":"https:\/\/thomasvino.ch\/index.php?rest_route=\/wp\/v2\/pages"}],"about":[{"href":"https:\/\/thomasvino.ch\/index.php?rest_route=\/wp\/v2\/types\/page"}],"author":[{"embeddable":true,"href":"https:\/\/thomasvino.ch\/index.php?rest_route=\/wp\/v2\/users\/2"}],"replies":[{"embeddable":true,"href":"https:\/\/thomasvino.ch\/index.php?rest_route=%2Fwp%2Fv2%2Fcomments&post=70"}],"version-history":[{"count":0,"href":"https:\/\/thomasvino.ch\/index.php?rest_route=\/wp\/v2\/pages\/70\/revisions"}],"wp:attachment":[{"href":"https:\/\/thomasvino.ch\/index.php?rest_route=%2Fwp%2Fv2%2Fmedia&parent=70"}],"curies":[{"name":"wp","href":"https:\/\/api.w.org\/{rel}","templated":true}]}}

<p>&nbsp;</p>

			<div class='tabs-left et_sliderfx_fade et_sliderauto_false et_sliderauto_speed_5000 et_slidertype_left_tabs clearfix'>
				<div class='et_left_tabs_bg'></div>
				<ul class='et-tabs-control'>
			<li><a href='#'>
			Journaux où signe Pierre Thomas
		</a></li>

		<li><a href='#'>
			Sites recommandés
		</a></li>
		</ul> <!-- .et-tabs-control -->

		<div class='et-tabs-content'>
			<div class='et-tabs-content-main-wrap'>
				<div class='et-tabs-content-wrapper'>
					<div class='et_slidecontent'>
			<div class='et-learn-more clearfix'>
					<h3 class='heading-more'>Tout Compte Fait<span class='et_learnmore_arrow'><span></span></span></h3>
					<div class='learn-more-content'>Mensuel pour les consommateurs. Depuis 2002, un banc-test par édition sur 12 vins, par un jury de cinq pros. Accès des archives pour les abonnés seulement sur <a title="Tout Compte Fait" href="http://www.toutcomptefait.ch/degustations.php">http://toutcomptefait.ch</a>.</div>
				</div>
<div class='et-learn-more clearfix'>
					<h3 class='heading-more'>Hôtellerie &amp; Gastronomie Hebdo<span class='et_learnmore_arrow'><span></span></span></h3>
					<div class='learn-more-content'>Hebdomadaire édité par Gastro Union. Depuis 2011, articles et reportages sur les vins en Suisse et dans le monde. Possibilité de feuilleter la dernière édition sur <a title="Hôtellerie &amp; Gastronomie Hebdo" href="http://www.hotellerie-et-gastronomie.ch/expresso/f/">http://www.hotellerie-et-gastronomie.ch/expresso/f/</a>.</div>
				</div><div class='et-learn-more clearfix'>
					<h3 class='heading-more'>Le Guillon<span class='et_learnmore_arrow'><span></span></span></h3>
					<div class='learn-more-content'>Magazine de l&rsquo;économie viti-vinicole vaudoise et de la Confrérie homonyme, où Pierre Thomas est un des plus fidèles collaborateurs de longue date, <a title="Le Guillon" href="http://www.revueleguillon.ch">http://www.revueleguillon.ch</a>.</div>
				</div><div class='et-learn-more clearfix'>
					<h3 class='heading-more'>Vins &amp; Vignobles<span class='et_learnmore_arrow'><span></span></span></h3>
					<div class='learn-more-content'>Mensuel québécois, édité à Montréal, pour les amateurs de vins. Collaborateur régulier pour plusieurs reportages en Europe et dans le monde, accessible pour les abonnés sur <a title="Vins &amp; Vignobles" href="http://www.vinsetvignobles.com/accueil/">http://www.vinsetvignobles.com/accueil/</a>.</div>
				</div>
		</div>
		<div class='et_slidecontent'>
			<ul>
<li>Midi 20, bar à vins au centre de Lausanne, <a title="Midi 20, bar à vins, Lausanne" href="http://www.midi20.ch/">www.midi20.ch</a></li>
<li>Terravin, marque de qualité des vins vaudois, <a title="Label Terravin" href="http://www.terravin.ch/home">www.terravin.ch</a></li>
<li>VinVitation, organisateur lémanique de dégustations, <a title="VinVitation" href="http://www.vinvitation.ch/#/concept">www.vinvitation.ch</a></li>
<li>Fédération vaudoise des vignerons, site institutionnel, <a title="Fédération Vaudoise des Vignerons" href="http://www.fvv-vd.ch/">www.fvv-vd.ch</a></li>
</ul>
		</div>
				</div>
			</div>
		</div>
			</div> <!-- .tabs-left -->

<!-- This site is optimized with the Yoast SEO plugin v20.6 - https://yoast.com/wordpress/plugins/seo/ -->
<title>Liens - thomasvino</title>
<meta name="robots" content="index, follow, max-snippet:-1, max-image-preview:large, max-video-preview:-1" />
<link rel="canonical" href="https://thomasvino.ch/?page_id=70" />
<meta property="og:locale" content="fr_FR" />
<meta property="og:type" content="article" />
<meta property="og:title" content="Liens - thomasvino" />
<meta property="og:description" content="&nbsp;" />
<meta property="og:url" content="https://thomasvino.ch/?page_id=70" />
<meta property="og:site_name" content="thomasvino" />
<meta property="article:modified_time" content="2013-06-06T13:23:14+00:00" />
<meta name="twitter:label1" content="Durée de lecture estimée" />
	<meta name="twitter:data1" content="1 minute" />
<script type="application/ld+json" class="yoast-schema-graph">{"@context":"https://schema.org","@graph":[{"@type":"WebPage","@id":"https://thomasvino.ch/?page_id=70","url":"https://thomasvino.ch/?page_id=70","name":"Liens - thomasvino","isPartOf":{"@id":"https://thomasvino.ch/#website"},"datePublished":"2013-02-09T18:58:09+00:00","dateModified":"2013-06-06T13:23:14+00:00","breadcrumb":{"@id":"https://thomasvino.ch/?page_id=70#breadcrumb"},"inLanguage":"fr-FR","potentialAction":[{"@type":"ReadAction","target":["https://thomasvino.ch/?page_id=70"]}]},{"@type":"BreadcrumbList","@id":"https://thomasvino.ch/?page_id=70#breadcrumb","itemListElement":[{"@type":"ListItem","position":1,"name":"Accueil","item":"https://thomasvino.ch/"},{"@type":"ListItem","position":2,"name":"Liens"}]},{"@type":"WebSite","@id":"https://thomasvino.ch/#website","url":"https://thomasvino.ch/","name":"thomasvino","description":"Vins &amp; Gastronomie","potentialAction":[{"@type":"SearchAction","target":{"@type":"EntryPoint","urlTemplate":"https://thomasvino.ch/?s={search_term_string}"},"query-input":"required name=search_term_string"}],"inLanguage":"fr-FR"}]}</script>
<!-- / Yoast SEO plugin. -->

9 février 2013

Journaliste, écrivain du vin et dégustateur   Pierre Thomas A 70 ans, j'ai renoncé à la plupart de mes mandats, gardant la maîtrise de ce site Internet, qu'il continue d'enrichir librement, en fonction de ses envies et découvertes. Et à animer, en fonction de thèmes repris et développés. Je passe…

« 111 vins suisses à ne pas manquer » emons: (Cologne/Allemagne), 2ème édition janvier 2022  ISBN 978-3-7408-1291-1 Un guide qui s'attache à montrer la grande diversité des vins suisses (cépages et terroirs), la féminisation des encaveuses, et la modernité de la viticulture, notamment bio et biodynamiques. https://emons-verlag.de/p/111-vins-suisses-a-ne-pas-manquer-5863 Le vin pratique…

CETTE PAGE DOIT RESTER VIDE Pour créer un nouvel édito, il faut créer un nouvel article, et le placer dans la catégorie "Edito". Le dernier édito de statut "publié" en date s'affichera automatiquement sur la page d'accueil. Mots-clé SEO : Pierre Thomas Vins, journaliste spécialisé, suisse, europe, asie, usa

Cher donateur, Je vous remercie de vous être arrêté, et d'avoir fait un geste pour m'aider à payer les frais de gestion de ce site web. Pierre Thomas

Vous pouvez faire une recherche sur le site en entrant des mots-clé dans le champ ci-dessous, et en spécifiant si nécessaire les catégories  ou la date.
